he prime factors of 17480?
2, 5, 19, 23
What are the prime factors of 1324?
2, 331
What are the prime factors of 31229?
11, 17, 167
What are the prime factors of 843?
3, 281
What are the prime factors of 14546?
2, 7, 1039
What are the prime factors of 7304?
2, 11, 83
List the prime factors of 15409.
19, 811
List the prime factors of 76837.
76837
List the prime factors of 11770.
2, 5, 11, 107
List the prime factors of 15961.
11, 1451
List the prime factors of 1892.
2, 11, 43
List the prime factors of 54243.
3, 7, 41
List the prime factors of 1786.
2, 19, 47
What are the prime factors of 103634?
2, 51817
What are the prime factors of 2932?
2, 733
List the prime factors of 75945.
3, 5, 61, 83
What are the prime factors of 62791?
62791
List the prime factors of 6755.
5, 7, 193
List the prime factors of 31559.
11, 19, 151
What are the prime factors of 2835?
3, 5, 7
List the prime factors of 21147.
3, 7, 19, 53
What are the prime factors of 17399?
127, 137
What are the prime factors of 31323?
3, 53, 197
List the prime factors of 758.
2, 379
List the prime factors of 4287.
3, 1429
List the prime factors of 36343.
36343
What are the prime factors of 234?
2, 3, 13
What are the prime factors of 45463?
11, 4133
What are the prime factors of 7706?
2, 3853
List the prime factors of 7907.
7907
List the prime factors of 43627.
43627
What are the prime factors of 41175?
3, 5, 61
What are the prime factors of 520?
2, 5, 13
What are the prime factors of 991?
991
What are the prime factors of 1451?
1451
List the prime factors of 1667.
1667
List the prime factors of 179.
179
List the prime factors of 70413.
3, 7, 479
What are the prime factors of 88914?
2, 3, 7, 29, 73
What are the prime factors of 10611?
3, 131
List the prime factors of 2221.
2221
What are the prime factors of 761?
761
What are the prime factors of 2927?
2927
List the prime factors of 13243.
17, 19, 41
What are the prime factors of 9769?
9769
What are the prime factors of 13682?
2, 6841
What are the prime factors of 2118?
2, 3, 353
What are the prime factors of 7184?
2, 449
List the prime factors of 569.
569
List the prime factors of 19393.
11, 41, 43
List the prime factors of 679.
7, 97
List the prime factors of 300.
2, 3, 5
List the prime factors of 7613.
23, 331
What are the prime factors of 30892?
2, 7723
What are the prime factors of 4013?
4013
List the prime factors of 1445.
5, 17
What are the prime factors of 43566?
2, 3, 53, 137
What are the prime factors of 69417?
3, 857
What are the prime factors of 35125?
5, 281
What are the prime factors of 71123?
13, 5471
List the prime factors of 44176.
2, 11, 251
What are the prime factors of 2541?
3, 7, 11
What are the prime factors of 300?
2, 3, 5
List the prime factors of 324.
2, 3
List the prime factors of 61493.
61493
List the prime factors of 9415.
5, 7, 269
List the prime factors of 7978.
2, 3989
List the prime factors of 9115.
5, 1823
List the prime factors of 533.
13, 41
What are the prime factors of 6717?
3, 2239
List the prime factors of 68193.
3, 7577
List the prime factors of 6680.
2, 5, 167
What are the prime factors of 2454?
2, 3, 409
What are the prime factors of 13328?
2, 7, 17
List the prime factors of 57808.
2, 3613
What are the prime factors of 4654?
2, 13, 179
List the prime factors of 23958.
2, 3, 11
What are the prime factors of 83864?
2, 11, 953
List the prime factors of 1828.
2, 457
List the prime factors of 421.
421
List the prime factors of 38360.
2, 5, 7, 137
What are the prime factors of 171710?
2, 5, 7, 11, 223
List the prime factors of 113017.
113017
List the prime factors of 96065.
5, 19213
List the prime factors of 55743.
3, 17, 1093
List the prime factors of 129121.
129121
List the prime factors of 516.
2, 3, 43
What are the prime factors of 2452?
2, 613
List the prime factors of 45511.
71, 641
List the prime factors of 1035.
3, 5, 23
What are the prime factors of 16739?
19, 881
What are the prime factors of 2076?
2, 3, 173
List the prime factors of 8728.
2, 1091
List the prime factors of 48956.
2, 12239
List the prime factors of 5009.
5009
What are the prime factors of 31061?
89, 349
What are the prime factors of 27706?
2, 7, 1979
List the prime factors of 415.
5, 83
What are the prime factors of 7685?
5, 29, 53
What are the prime factors of 14819?
7, 29, 73
List the prime factors of 9860.
2, 5, 17, 29
List the prime factors of 37661.
13, 2897
What are the prime factors of 3908?
2, 977
What are the prime factors of 31750?
2, 5, 127
List the prime factors of 6807.
3, 2269
List the prime factors of 1916.
2, 479
What are the prime factors of 2593?
2593
What are the prime factors of 112575?
3, 5, 19, 79
List the prime factors of 46697.
7, 953
What are the prime factors of 1518?
2, 3, 11, 23
What are the prime factors of 1590?
2, 3, 5, 53
List the prime factors of 9624.
2, 3, 401
List the prime factors of 7182.
2, 3, 7, 19
List the prime factors of 100947.
3, 7, 11, 19, 23
List the prime factors of 8810.
2, 5, 881
List the prime factors of 1647.
3, 61
List the prime factors of 46586.
2, 23293
List the prime factors of 129855.
3, 5, 11, 787
List the prime factors of 51735.
3, 5, 3449
What are the prime factors of 11161?
11161
What are the prime factors of 4835?
5, 967
What are the prime factors of 567?
3, 7
List the prime factors of 32780.
2, 5, 11, 149
What are the prime factors of 1045?
5, 11, 19
What are the prime factors of 3665?
5, 733
List the prime factors of 58802.
2, 29401
What are the prime factors of 6257?
6257
List the prime factors of 147736.
2, 59, 313
What are the prime factors of 1711?
29, 59
What are the prime factors of 464?
2, 29
What are the prime factors of 565?
5, 113
What are the prime factors of 51261?
3, 7, 2441
What are the prime factors of 2968?
2, 7, 53
List the prime factors of 18687.
3, 6229
List the prime factors of 831.
3, 277
What are the prime factors of 882?
2, 3, 7
What are the prime factors of 1195?
5, 239
What are the prime factors of 9827?
31, 317
What are the prime factors of 243?
3
What are the prime factors of 42167?
149, 283
What are the prime factors of 14202?
2, 3, 263
What are the prime factors of 22691?
22691
List the prime factors of 2210.
2, 5, 13, 17
What are the prime factors of 21007?
7, 3001
What are the prime factors of 21819?
3, 7, 1039
What are the prime factors of 65546?
2, 13, 2521
List the prime factors of 2547.
3, 283
What are the prime factors of 48477?
3, 11, 13, 113
What are the prime factors of 773?
773
List the prime factors of 2981.
11, 271
What are the prime factors of 7890?
2, 3, 5, 263
What are the prime factors of 94088?
2, 19, 619
List the prime factors of 6990.
2, 3, 5, 233
List the prime factors of 25334.
2, 53, 239
List the prime factors of 2289.
3, 7, 109
List the prime factors of 98558.
2, 49279
What are the prime factors of 123134?
2, 11, 29, 193
List the prime factors of 7186.
2, 3593
List the prime factors of 205.
5, 41
List the prime factors of 1062.
2, 3, 59
List the prime factors of 23428.
2, 5857
What are the prime factors of 6455?
5, 1291
What are the prime factors of 27528?
2, 3, 31, 37
List the prime factors of 22985.
5, 4597
List the prime factors of 12394.
2, 6197
What are the prime factors of 1609?
1609
List the prime factors of 2371.
2371
List the prime factors of 47477.
197, 241
List the prime factors of 1842.
2, 3, 307
What are the prime factors of 31389?
3, 10463
List the prime factors of 8016.
2, 3, 167
List the prime factors of 11396.
2, 7, 11, 37
What are the prime factors of 2264?
2, 283
What are the prime factors of 29463?
3, 7, 23, 61
What are the prime factors of 14145?
3, 5, 23, 41
What are the prime factors of 1226?
2, 613
List the prime factors of 5897.
5897
List the prime factors of 2021.
43, 47
List the prime factors of 746.
2, 373
List the prime factors of 25475.
5, 1019
What are the prime factors of 5857?
5857
List the prime factors of 2169.
3, 241
List the prime factors of 3366.
2, 3, 11, 17
What are the prime factors of 9203?
9203
List the prime factors of 756.
2, 3, 7
What are the prime factors of 36074?
2, 17, 1061
List the prime factors of 3004.
2, 751
What are the prime factors of 2108?
2, 17, 31
What are the prime factors of 19821?
3, 6607
List the prime factors of 18009.
3, 23, 29
List the prime facto